sands digit of 5676534?
7
What is the units digit of 3800057?
7
What is the ten thousands digit of 61497?
6
What is the thousands digit of 3165125?
5
What is the tens digit of 274499?
9
What is the tens digit of 13920392?
9
What is the hundreds digit of 349819?
8
What is the units digit of 293074?
4
What is the ten thousands digit of 4807127?
0
What is the hundreds digit of 11790719?
7
What is the ten thousands digit of 1994916?
9
What is the hundred thousands digit of 15318752?
3
What is the millions digit of 2653994?
2
What is the hundred thousands digit of 4068673?
0
What is the hundreds digit of 899?
8
What is the ten thousands digit of 672173?
7
What is the units digit of 44383?
3
What is the ten thousands digit of 389789?
8
What is the units digit of 809488?
8
What is the hundred thousands digit of 149375?
1
What is the ten thousands digit of 3292867?
9
What is the ten thousands digit of 800482?
0
What is the thousands digit of 4656152?
6
What is the thousands digit of 358947?
8
What is the ten thousands digit of 613398?
1
What is the tens digit of 1092089?
8
What is the tens digit of 8708952?
5
What is the ten thousands digit of 1236076?
3
What is the tens digit of 2109817?
1
What is the thousands digit of 267067?
7
What is the thousands digit of 972546?
2
What is the millions digit of 21696413?
1
What is the hundred thousands digit of 148641?
1
What is the hundred thousands digit of 1388647?
3
What is the tens digit of 269867?
6
What is the ten millions digit of 17887145?
1
What is the thousands digit of 435306?
5
What is the ten thousands digit of 25399143?
9
What is the hundreds digit of 437873?
8
What is the units digit of 657192?
2
What is the units digit of 3607873?
3
What is the hundred thousands digit of 19490930?
4
What is the hundreds digit of 372710?
7
What is the thousands digit of 2827107?
7
What is the thousands digit of 572725?
2
What is the hundred thousands digit of 574114?
5
What is the tens digit of 607957?
5
What is the thousands digit of 1484340?
4
What is the tens digit of 414570?
7
What is the thousands digit of 103523?
3
What is the hundreds digit of 504505?
5
What is the ten thousands digit of 400948?
0
What is the tens digit of 1978268?
6
What is the tens digit of 77455?
5
What is the ten thousands digit of 4324882?
2
What is the tens digit of 632761?
6
What is the ten thousands digit of 12827898?
2
What is the tens digit of 20207?
0
What is the hundred thousands digit of 314629?
3
What is the units digit of 1921983?
3
What is the millions digit of 3232943?
3
What is the ten thousands digit of 724230?
2
What is the hundred thousands digit of 2536192?
5
What is the hundreds digit of 164925?
9
What is the millions digit of 2068647?
2
What is the millions digit of 1062909?
1
What is the thousands digit of 162932?
2
What is the ten thousands digit of 6940869?
4
What is the ten thousands digit of 71277?
7
What is the units digit of 3015220?
0
What is the thousands digit of 19189860?
9
What is the hundred thousands digit of 24990518?
9
What is the millions digit of 2845098?
2
What is the tens digit of 1113042?
4
What is the hundreds digit of 10845796?
7
What is the units digit of 2472493?
3
What is the thousands digit of 11851829?
1
What is the thousands digit of 12437947?
7
What is the tens digit of 283113?
1
What is the tens digit of 514623?
2
What is the thousands digit of 88654?
8
What is the tens digit of 109215?
1
What is the ten thousands digit of 559197?
5
What is the hundreds digit of 231391?
3
What is the millions digit of 5460075?
5
What is the units digit of 196114?
4
What is the units digit of 1094080?
0
What is the tens digit of 591640?
4
What is the ten thousands digit of 23571?
2
What is the tens digit of 3755496?
9
What is the thousands digit of 568996?
8
What is the thousands digit of 582997?
2
What is the hundreds digit of 163879?
8
What is the hundred thousands digit of 1038598?
0
What is the units digit of 602173?
3
What is the tens digit of 539409?
0
What is the hundred thousands digit of 28034509?
0
What is the units digit of 9139534?
4
What is the units digit of 2031070?
0
What is the units digit of 1814741?
1
What is the thousands digit of 10161735?
1
What is the ten thousands digit of 4980995?
8
What is the millions digit of 2567846?
2
What is the units digit of 46393?
3
What is the hundred thousands digit of 4022888?
0
What is the hundred thousands digit of 11967035?
9
What is the tens digit of 827289?
8
What is the ten thousands digit of 5007091?
0
What is the hundred thousands digit of 2206475?
2
What is the hundred thousands digit of 5420448?
4
What is the thousands digit of 4471141?
1
What is the ten thousands digit of 158025?
5
What is the hundreds digit of 1096027?
0
What is the hundreds digit of 31090055?
0
What is the thousands digit of 223564?
3
What is the tens digit of 26725104?
0
What is the units digit of 3791985?
5
What is the hundred thousands digit of 1466258?
4
What is the hundreds digit of 1299963?
9
What is the hundreds digit of 55059?
0
What is the thousands digit of 207598?
7
What is the ten thousands digit of 6032900?
3
What is the hundreds digit of 231071?
0
What is the tens digit of 18366985?
8
What is the thousands digit of 205774?
5
What is the tens digit of 254535?
3
What is the hundreds digit of 55575?
5
What is the ten thousands digit of 2810927?
1
What is the units digit of 206965?
5
What is the hundred thousands digit of 22626069?
6
What is the tens digit of 486945?
4
What is the hundred thousands digit of 10585241?
5
What is the ten thousands digit of 4243031?
4
What is the units digit of 56883?
3
What is the millions digit of 5531279?
5
What is the tens digit of 150571?
7
What is the hundred thousands digit of 3408864?
4
What is the hundreds digit of 187975?
9
What is the units digit of 10797773?
3
What is the tens digit of 28790356?
5
What is the millions digit of 5812334?
5
What is the tens digit of 161612?
1
What is the hundred thousands digit of 101707?
1
What is the units digit of 168745?
5
What is the hundreds digit of 5387245?
2
What is the thousands digit of 95586?
5
What is the ten thousands digit of 972864?
7
What is the units digit of 403640?
0
What is the hundred thousands digit of 330609?
3
What is the thousands digit of 181093?
1
What is the hundreds digit of 2159455?
4
What is the ten thousands digit of 329147?
2
What is the hundred thousands digit of 744054?
7
What is the ten thousands digit of 5804263?
0
What is the hundreds digit of 292726?
7
What is the hundred thousands digit of 287362?
2
What is the units digit of 3776920?
0
What is the ten thousands digit of 9166684?
6
What is the units digit of 187221?
1
What is the hundreds digit of 3737?
7
What is the hundreds digit of 15359463?
4
What is the tens digit of 117669?
6
What is the hundreds digit of 344579?
5
What is the hundred thousands digit of 259076?
2
What is the hundreds digit of 246673?
6
What is the hundreds digit of 56617?
6
What is the ten thousands digit of 4405704?
0
What is the ten thousands digit of 454973?
5
What is the thousands digit of 78702?
8
What is the hundreds digit of 250016?
0
What is the thousands digit of 862242?
2
What is the units digit of 13329?
9
What is the hundreds digit of 246142?
1
What is the tens digit of 1079170?
7
What is the thousands digit of 5620975?
0
What is the ten thousands digit of 898978?
9
What is the hundred thousands digit of 609865?
6
What is the ten thousands digit of 531513?
3
What is the tens digit of 616245?
4
What is the units digit of 46559?
9
What is the hundred thousands digit of 9489659?
4
What is the tens digit of 6682481?
8
What is the tens digit of 66582?
8
What is the hundreds digit of 1939804?
8
What is the hundreds digit of 89480?
4
What is the hundred thousands digit of 407151?
4
What is the hundreds digit of 5749874?
8
What is the thousands digit of 234493?
4
What is the thousands digit of 560785?
0
What is the hundred thousands digit of 18907561?
9
What is the ten thousands digit of 8172618?
7
What is the ten thousands digit of 2459800?
5
What is the units digit of 114984?
4
What is the units digit of 69223?
3
What is the tens digit of 504886?
8
What is the units digit of 3354898?
8
What is the tens digit of 3994